hat is the remainder when 162 is divided by 6?
0
What is the remainder when 23 is divided by 22?
1
What is the remainder when 51 is divided by 12?
3
What is the remainder when 1191 is divided by 149?
148
Calculate the remainder when 105 is divided by 58.
47
What is the remainder when 149 is divided by 129?
20
What is the remainder when 7123 is divided by 75?
73
Calculate the remainder when 93 is divided by 33.
27
What is the remainder when 1316 is divided by 132?
128
Calculate the remainder when 4618 is divided by 165.
163
What is the remainder when 273 is divided by 70?
63
Calculate the remainder when 8849 is divided by 118.
117
What is the remainder when 179 is divided by 99?
80
What is the remainder when 379 is divided by 77?
71
What is the remainder when 3928 is divided by 245?
8
What is the remainder when 250 is divided by 99?
52
What is the remainder when 78 is divided by 10?
8
Calculate the remainder when 179 is divided by 50.
29
Calculate the remainder when 1744 is divided by 97.
95
Calculate the remainder when 371 is divided by 117.
20
Calculate the remainder when 112 is divided by 107.
5
What is the remainder when 3059 is divided by 15?
14
Calculate the remainder when 393 is divided by 95.
13
Calculate the remainder when 1053 is divided by 12.
9
Calculate the remainder when 38 is divided by 3.
2
What is the remainder when 602 is divided by 593?
9
Calculate the remainder when 315 is divided by 106.
103
Calculate the remainder when 7202 is divided by 1439.
7
What is the remainder when 941 is divided by 152?
29
What is the remainder when 262 is divided by 63?
10
Calculate the remainder when 83 is divided by 19.
7
What is the remainder when 494 is divided by 55?
54
What is the remainder when 729 is divided by 146?
145
What is the remainder when 952 is divided by 128?
56
What is the remainder when 130 is divided by 49?
32
What is the remainder when 1752 is divided by 580?
12
Calculate the remainder when 533 is divided by 70.
43
What is the remainder when 489 is divided by 82?
79
What is the remainder when 665 is divided by 177?
134
What is the remainder when 112 is divided by 64?
48
Calculate the remainder when 566 is divided by 79.
13
What is the remainder when 516 is divided by 22?
10
What is the remainder when 1995 is divided by 8?
3
What is the remainder when 1550 is divided by 383?
18
What is the remainder when 814 is divided by 209?
187
What is the remainder when 176 is divided by 13?
7
Calculate the remainder when 15398 is divided by 14.
12
What is the remainder when 42 is divided by 27?
15
Calculate the remainder when 459 is divided by 118.
105
What is the remainder when 145 is divided by 1?
0
What is the remainder when 379 is divided by 19?
18
What is the remainder when 4381 is divided by 137?
134
What is the remainder when 4143 is divided by 1381?
0
What is the remainder when 484 is divided by 10?
4
Calculate the remainder when 627 is divided by 56.
11
Calculate the remainder when 622 is divided by 165.
127
What is the remainder when 462 is divided by 153?
3
Calculate the remainder when 60 is divided by 22.
16
What is the remainder when 178 is divided by 32?
18
Calculate the remainder when 121 is divided by 69.
52
Calculate the remainder when 55 is divided by 14.
13
What is the remainder when 184 is divided by 39?
28
Calculate the remainder when 638 is divided by 239.
160
What is the remainder when 5038 is divided by 20?
18
Calculate the remainder when 103 is divided by 13.
12
What is the remainder when 2684 is divided by 21?
17
What is the remainder when 755 is divided by 63?
62
Calculate the remainder when 724 is divided by 35.
24
What is the remainder when 2140 is divided by 14?
12
What is the remainder when 243 is divided by 64?
51
What is the remainder when 170 is divided by 30?
20
Calculate the remainder when 42 is divided by 32.
10
Calculate the remainder when 524 is divided by 133.
125
What is the remainder when 2066 is divided by 14?
8
Calculate the remainder when 102 is divided by 8.
6
Calculate the remainder when 3537 is divided by 43.
11
What is the remainder when 1314 is divided by 429?
27
Calculate the remainder when 483 is divided by 137.
72
What is the remainder when 503 is divided by 39?
35
What is the remainder when 942 is divided by 95?
87
Calculate the remainder when 180 is divided by 24.
12
Calculate the remainder when 137 is divided by 9.
2
Calculate the remainder when 1228 is divided by 30.
28
Calculate the remainder when 272 is divided by 91.
90
What is the remainder when 2638 is divided by 80?
78
Calculate the remainder when 4865 is divided by 972.
5
Calculate the remainder when 3263 is divided by 15.
8
Calculate the remainder when 117 is divided by 59.
58
Calculate the remainder when 3336 is divided by 196.
4
Calculate the remainder when 17997 is divided by 8.
5
What is the remainder when 180 is divided by 83?
14
What is the remainder when 84 is divided by 2?
0
Calculate the remainder when 1129 is divided by 282.
1
Calculate the remainder when 188 is divided by 19.
17
Calculate the remainder when 17 is divided by 8.
1
What is the remainder when 71 is divided by 31?
9
Calculate the remainder when 3422 is divided by 9.
2
What is the remainder when 178 is divided by 13?
9
Calculate the remainder when 147 is divided by 43.
18
What is the remainder when 1206 is divided by 401?
3
What is the remainder when 32 is divided by 26?
6
What is the remainder when 57 is divided by 30?
27
Calculate the remainder when 748 is divided by 112.
76
What is the remainder when 301 is divided by 97?
10
Calculate the remainder when 24 is divided by 20.
4
What is the remainder when 71 is divided by 24?
23
Calculate the remainder when 166 is divided by 12.
10
Calculate the remainder when 78 is divided by 62.
16
What is the remainder when 2310 is divided by 46?
10
What is the remainder when 1158 is divided by 58?
56
What is the remainder when 1277 is divided by 292?
109
What is the remainder when 4162 is divided by 87?
73
What is the remainder when 5561 is divided by 159?
155
What is the remainder when 145 is divided by 45?
10
What is the remainder when 350 is divided by 274?
76
What is the remainder when 13424 is divided by 179?
178
Calculate the remainder when 82 is divided by 4.
2
What is the remainder when 257 is divided by 26?
23
Calculate the remainder when 147 is divided by 85.
62
What is the remainder when 670 is divided by 14?
12
Calculate the remainder when 770 is divided by 3.
2
What is the remainder when 697 is divided by 118?
107
Calculate the remainder when 580 is divided by 190.
10
What is the remainder when 133 is divided by 21?
7
Calculate the remainder when 534 is divided by 116.
70
What is the remainder when 379 is divided by 10?
9
What is the remainder when 2379 is divided by 790?
9
What is the remainder when 815 is divided by 136?
135
What is the remainder when 458 is divided by 78?
68
What is the remainder when 524 is divided by 33?
29
Calculate the remainder when 328 is divided by 83.
79
What is the remainder when 52 is divided by 8?
4
What is the remainder when 3064 is divided by 96?
88
What is the remainder when 3323 is divided by 49?
40
Calculate the remainder when 285 is divided by 148.
137
What is the remainder when 7512 is divided by 45?
42
Calculate the remainder when 2009 is divided by 5.
4
Calculate the remainder when 231 is divided by 75.
6
What is the remainder when 1419 is divided by 10?
9
Calculate the remainder when 1808 is divided by 8.
0
Calculate the remainder when 3286 is divided by 253.
250
Calculate the remainder when 2818 is divided by 6.
4
What is the remainder when 300 is divided by 42?
6
Calculate the remainder when 70 is divided by 63.
7
What is the remainder when 1216 is divided by 37?
32
What is the remainder when 1 is divided by 1?
0
Calculate the remainder when 615 is divided by 429.
186
Calculate the remainder when 1071 is divided by 222.
183
What is the remainder when 6051 is divided by 173?
169
Calculate the remainder when 703 is divided by 71.
64
What is the remainder when 87 is divided by 39?
9
Calculate the remainder when 14088 is divided by 73.
72
Calculate the remainder when 359 is divided by 61.
54
Calculate the remainder when 8924 is divided by 113.
110
Calculate th